{"id":9268,"date":"2021-10-07T12:40:15","date_gmt":"2021-10-07T10:40:15","guid":{"rendered":"https:\/\/www.saamo.be\/brussel\/vacatures\/"},"modified":"2021-11-17T19:10:54","modified_gmt":"2021-11-17T18:10:54","slug":"vacatures","status":"publish","type":"page","link":"https:\/\/www.saamo.be\/fr\/bruxelles\/postes-vacants\/","title":{"rendered":"Postes vacants"},"content":{"rendered":"<div class=\"wpb-content-wrapper\">[vc_row full_width=\u00a0\u00bbstretch_row\u00a0\u00bb el_class=\u00a0\u00bbicon-row two\u00a0\u00bb][vc_column]<div class=\"wpex-post-cards wpex-post-cards-standard-item wpex-relative\"><div class=\"wpex-post-cards-inner\"><div class=\"wpex-post-cards-loop wpex-post-cards-grid wpex-row wpex-clr\"><div class=\"wpex-post-cards-entry col col-1 span_1_of_4 post-39282 type-vacature regio-512\"><div class=\"wpex-card wpex-card-standard-item\"><div class=\"wpex-card-media wpex-mb-20 overlay-parent overlay-parent-1\"><div class=\"wpex-card-thumbnail wpex-relative\"><a href=\"https:\/\/www.saamo.be\/fr\/vacature\/recherche-medecin-generaliste-pour-creer-une-maison-medicale-a-bruxelles\/\"><img loading=\"lazy\" class=\"wpex-align-middle\" alt=\"Recherche : m\u00e9decin g\u00e9n\u00e9raliste pour cr\u00e9er une maison m\u00e9dicale \u00e0 Bruxelles\" decoding=\"async\" src=\"https:\/\/www.saamo.be\/wp-content\/uploads\/2025\/05\/2025-Peterbos-2-scaled-400x400.jpg\" srcset=\"https:\/\/www.saamo.be\/wp-content\/uploads\/2025\/05\/2025-Peterbos-2-scaled-400x400.jpg 400w, https:\/\/www.saamo.be\/wp-content\/uploads\/2025\/05\/2025-Peterbos-2-150x150.jpg 150w\" width=\"400\" height=\"400\"><\/a><\/div><\/div><h2 class=\"wpex-card-title wpex-heading wpex-text-lg wpex-mb-10\"><a href=\"https:\/\/www.saamo.be\/fr\/vacature\/recherche-medecin-generaliste-pour-creer-une-maison-medicale-a-bruxelles\/\">Recherche : m\u00e9decin g\u00e9n\u00e9raliste pour cr\u00e9er une maison m\u00e9dicale \u00e0 Bruxelles<\/a><\/h2><div class=\"wpex-card-excerpt wpex-last-mb-0\"><p>Notre mission : am\u00e9liorer la sant\u00e9 et le bien-\u00eatre des habitants du quartier Peterbos \u00e0 Bruxelles. Qu&rsquo;est-ce que nous vous&hellip;<\/p>\n<\/div><div class=\"wpex-card-more-link\"><a href=\"https:\/\/www.saamo.be\/fr\/vacature\/recherche-medecin-generaliste-pour-creer-une-maison-medicale-a-bruxelles\/\" aria-label=\"En savoir plus about Recherche : m\u00e9decin g\u00e9n\u00e9raliste pour cr\u00e9er une maison m\u00e9dicale \u00e0 Bruxelles\" class=\"plain-text\">En savoir plus<\/a><\/div><\/div><\/div><\/div><\/div><\/div>[\/vc_column][\/vc_row]\n<\/div>","protected":false},"excerpt":{"rendered":"<p>[vc_row full_width=\u00a0\u00bbstretch_row\u00a0\u00bb el_class=\u00a0\u00bbicon-row two\u00a0\u00bb][vc_column][\/vc_column][\/vc_row]<\/p>\n","protected":false},"author":8,"featured_media":0,"parent":7493,"menu_order":6,"comment_status":"closed","ping_status":"closed","template":"","meta":{"_acf_changed":false,"_analytify_skip_tracking":false,"footnotes":""},"class_list":["post-9268","page","type-page","status-publish","hentry","regio-bruxelles","entry","has-media"],"acf":[],"_links":{"self":[{"href":"https:\/\/www.saamo.be\/fr\/wp-json\/wp\/v2\/pages\/9268","targetHints":{"allow":["GET"]}}],"collection":[{"href":"https:\/\/www.saamo.be\/fr\/wp-json\/wp\/v2\/pages"}],"about":[{"href":"https:\/\/www.saamo.be\/fr\/wp-json\/wp\/v2\/types\/page"}],"author":[{"embeddable":true,"href":"https:\/\/www.saamo.be\/fr\/wp-json\/wp\/v2\/users\/8"}],"replies":[{"embeddable":true,"href":"https:\/\/www.saamo.be\/fr\/wp-json\/wp\/v2\/comments?post=9268"}],"version-history":[{"count":2,"href":"https:\/\/www.saamo.be\/fr\/wp-json\/wp\/v2\/pages\/9268\/revisions"}],"predecessor-version":[{"id":9912,"href":"https:\/\/www.saamo.be\/fr\/wp-json\/wp\/v2\/pages\/9268\/revisions\/9912"}],"up":[{"embeddable":true,"href":"https:\/\/www.saamo.be\/fr\/wp-json\/wp\/v2\/pages\/7493"}],"wp:attachment":[{"href":"https:\/\/www.saamo.be\/fr\/wp-json\/wp\/v2\/media?parent=9268"}],"curies":[{"name":"wp","href":"https:\/\/api.w.org\/{rel}","templated":true}]}}

<div class="wpb-content-wrapper">[vc_row full_width= »stretch_row » el_class= »icon-row two »][vc_column]<div class="wpex-post-cards wpex-post-cards-standard-item wpex-relative"><div class="wpex-post-cards-inner"><div class="wpex-post-cards-loop wpex-post-cards-grid wpex-row wpex-clr"><div class="wpex-post-cards-entry col col-1 span_1_of_4 post-39282 type-vacature regio-512"><div class="wpex-card wpex-card-standard-item"><div class="wpex-card-media wpex-mb-20 overlay-parent overlay-parent-1"><div class="wpex-card-thumbnail wpex-relative"><a href="https://www.saamo.be/fr/vacature/recherche-medecin-generaliste-pour-creer-une-maison-medicale-a-bruxelles/"><img loading="lazy" class="wpex-align-middle" alt="Recherche : médecin généraliste pour créer une maison médicale à Bruxelles" decoding="async" src="https://www.saamo.be/wp-content/uploads/2025/05/2025-Peterbos-2-scaled-400x400.jpg" srcset="https://www.saamo.be/wp-content/uploads/2025/05/2025-Peterbos-2-scaled-400x400.jpg 400w, https://www.saamo.be/wp-content/uploads/2025/05/2025-Peterbos-2-150x150.jpg 150w" width="400" height="400"></a></div></div><h2 class="wpex-card-title wpex-heading wpex-text-lg wpex-mb-10"><a href="https://www.saamo.be/fr/vacature/recherche-medecin-generaliste-pour-creer-une-maison-medicale-a-bruxelles/">Recherche : médecin généraliste pour créer une maison médicale à Bruxelles</a></h2><div class="wpex-card-excerpt wpex-last-mb-0"><p>Notre mission : améliorer la santé et le bien-être des habitants du quartier Peterbos à Bruxelles. Qu&rsquo;est-ce que nous vous&hellip;</p>
</div><div class="wpex-card-more-link"><a href="https://www.saamo.be/fr/vacature/recherche-medecin-generaliste-pour-creer-une-maison-medicale-a-bruxelles/" aria-label="En savoir plus about Recherche : médecin généraliste pour créer une maison médicale à Bruxelles" class="plain-text">En savoir plus</a></div></div></div></div></div></div>[/vc_column][/vc_row]
</div>
